-3)*-4. Let t(o) = -8*o**3 + 13 + 18*o**3 + 5*o - 12*o**3 - o**2. Let w be t(-4). Calculate the highest common divisor of w and g.
15
Suppose -3 - 17 = 4*y, 2*h - 2*y - 22 = 0. Let o(i) = 27*i - 140. Let c be o(h). What is the greatest common divisor of 352 and c?
22
Let a(f) = -58*f - 634. Let z(k) = -29*k - 316. Let p(r) = 6*a(r) - 13*z(r). Let s be p(0). What is the highest common factor of s and 114?
38
Suppose 14 = -28*z + 238. What is the highest common factor of 720 and z?
8
Suppose -13*z - 45 = -955. What is the greatest common divisor of 30 and z?
10
Let l be (-3430)/(-245) - -53*2. What is the greatest common divisor of l and 5720?
40
Let f = 29 - 34. Let z(s) = 2*s**2 - 10*s - 21. Let k be z(f). Suppose -12*w - 31 + k = 0. What is the greatest common factor of 1 and w?
1
Let r = 851 - 774. Calculate the highest common factor of 42 and r.
7
Let l(x) = x**3 + 3*x**2 - 6*x - 5. Let g be l(-4). Let t be ((-2)/g)/(56/63)*-20. Calculate the greatest common factor of 435 and t.
15
Let s(f) = -f + 9. Let a be s(-5). Let y(z) = -17 + 35*z - a*z - 18 - 13*z. Let o be y(6). What is the greatest common factor of o and 52?
13
Let y be 10/65 + (-102)/(-13). Let i be (-20)/y*66/(-5). What is the greatest common factor of 3 and i?
3
Let c(n) = n - 1. Let x(z) = 2*z**2 - 5*z - 49. Let j(o) = 4*c(o) - x(o). Let i be j(0). What is the highest common divisor of i and 25?
5
Suppose 14426 = 137*p - 6124. What is the greatest common divisor of p and 3200?
50
Suppose -238*s + 3271 = 319*s - 20123. What is the highest common factor of 5103 and s?
21
Suppose 5*t - 2*t - 45 = 0. Let d(q) = 51*q + 3. Let n be d(-1). Let r = n - -63. Calculate the highest common divisor of t and r.
15
Suppose 5*b + 0*x + 2*x = 1412, -8 = 2*x. Suppose -124 = -b*h + 282*h. Calculate the greatest common divisor of h and 93.
31
Let y(p) = 252*p + 84. Let k(h) = -2*h - 1. Let n(c) = -63*k(c) - y(c). Let u be n(-4). Calculate the greatest common factor of 21 and u.
21
Suppose 184*v - 180835 + 58479 = 92556. What is the highest common divisor of 80 and v?
16
Let j(u) = -42*u**3 + u**2 + u. Let w be j(-1). Let q = 44 - w. Suppose -3*d = 3*f - 66, 4*f - d = -3*d + 92. What is the greatest common divisor of q and f?
2
Let w = 1215 - 754. Let v = w + -440. What is the highest common factor of 168 and v?
21
Suppose -70*x = -75*x - 100. Let g be (-4 - -12)/4 - x. What is the highest common factor of g and 110?
22
Let w be 1611/(-63) - (-12)/21. Let l be -6*2*w/20. Suppose m = -0*m + 4*p + 71, 0 = 3*p - l. What is the highest common divisor of 13 and m?
13
Let y = -18 - -32. Suppose 0 = 6*b - 7*b - y. Let o be b/(((-15)/(-6))/(-5)). Calculate the highest common factor of o and 56.
28
Let s = 1928 - 1856. Calculate the greatest common divisor of 2124 and s.
36
Suppose 0 = 48*q - 53*q + 7335. Let y = q - 795. What is the highest common divisor of 16 and y?
16
Let z(w) = -19*w**3 - w**2 + 4*w + 4. Let u be z(-1). Suppose -i = -5*v + u, -6*v + i - 18 = -10*v. Calculate the greatest common divisor of 14 and v.
2
Suppose -8554 = 636*t - 649*t. Calculate the highest common divisor of t and 434.
14
Let m(q) = q**3 - 13*q**2 + 18*q - 62. Let g be m(12). Calculate the greatest common factor of 2770 and g.
10
Suppose l - 3*c = -104, 2*l + 0*c - 3*c + 220 = 0. Let t = l - -158. What is the highest common divisor of t and 168?
42
Let d = -18696 + 19205. What is the highest common divisor of 7 and d?
1
Let f(o) = 2*o**3 - 100*o**2 - 4*o + 317. Let q be f(50). Let y be (-4)/10 - (-329)/35. What is the greatest common divisor of q and y?
9
Let l(c) = 15*c**2 - 61*c - 192. Let y be l(-3). What is the highest common factor of y and 8988?
42
Let i be (-13)/78*(0 - 6) + -5. Let w be (-352)/80*5*10/i. What is the highest common factor of w and 11?
11
Let b = -7660 - -9272. Calculate the highest common factor of 124 and b.
124
Let v be (-6)/(-57) + (-793866)/(-2451). What is the highest common factor of 2124 and v?
36
Let h(u) = 3*u**2 + 4*u. Let n = 90 + -94. Let a be h(n). Suppose -a*w = -36*w + 204. Calculate the highest common divisor of w and 17.
17
Suppose -2*z - 7 = -3*l, -5*l - 4*z = -7*z - 10. Let k be (4/l)/(((-374)/77)/17). Calculate the highest common factor of k and 1134.
14
Suppose 8*k - 304 = -0*k. Suppose 2*t + 2*l - 3*l = 46, -2*t = 3*l - k. Calculate the highest common divisor of 88 and t.
22
Let s(z) = -7*z**3 + 4*z**2 - 2*z + 15. Let a be s(-4). Let h = a - 457. What is the greatest common factor of 26 and h?
26
Let k = 162 - 81. Suppose 42 = -2*h + 10. Let n = h + 43. What is the highest common factor of k and n?
27
Let o(s) = -s**2 + 25*s + 12. Let g(b) = -b**2 - 4*b + 26. Let h be g(-5). Let f be o(h). Calculate the greatest common factor of 12 and f.
12
Suppose -80*u = -75*u - 1470. Suppose -5*z + u = 2*c, -2*c + 32 = -z - 274. What is the highest common factor of c and 380?
76
Suppose -r + 1112 = 957. Calculate the greatest common factor of 1147 and r.
31
Suppose 3*z + 795 = 3*d, 0 = 16*z - 18*z + 14. Calculate the greatest common factor of d and 1520.
16
Suppose -1 = y - 2, -z - y + 43 = 0. What is the greatest common factor of z and 810?
6
Let z be (3/(-14))/((-378)/147) - (-10401)/36. What is the greatest common factor of 85 and z?
17
Let i = 404 - 161. Suppose -23 + i = 10*x. What is the highest common divisor of 33 and x?
11
Suppose 156 + 167 + 237 = 7*i. What is the highest common divisor of 2140 and i?
20
Let z be 1041 - ((-13 - (-72)/18) + 1 + -1). What is the highest common divisor of z and 435?
15
Let u(m) = -m**2 - 14*m - 45. Let v be u(-9). Suppose v = 3*g - 5*b - 9, -g + 13 = 4*b - 7. What is the greatest common factor of g and 2?
2
Suppose -7401 = -39*w - 5373. Calculate the greatest common factor of w and 1222.
26
Let u(a) = 5*a**3 + 93*a**2 - 513*a - 6. Let j be u(6). What is the highest common factor of j and 1372?
28
Let u(k) = k**3 - 8*k**2 + 9*k + 10. Let c be 7/21 - 20/(-3). Let w be u(c). Let m = 4041 + -4029. Calculate the greatest common divisor of m and w.
12
Let q(w) = 2*w - 25. Let a be q(17). Suppose -76 = -4*p - m + 103, 0 = 3*m - a. Let d = -74 + 118. What is the greatest common factor of d and p?
44
Let p be 5 - (-9)/9*4. Let a(n) = 54*n - 344. Let y be a(p). What is the greatest common factor of 639 and y?
71
Let u be (-238)/(-357) - (-3410)/15. Calculate the greatest common factor of 5852 and u.
76
Suppose 7*d - 10*d = 5*s - 9313, -4*s = -4*d - 7444. Suppose s + 2890 = 8*m. What is the highest common divisor of 54 and m?
54
Suppose -4*c = 91 - 243. Suppose -321*n + 601 - 1969 = -325*n. What is the greatest common factor of c and n?
38
Suppose 0*t = -36*t - 25*t + 118584. Calculate the greatest common divisor of 204 and t.
12
Suppose 0 = 18*z - 26*z + 64. Suppose z*k - 128 - 16 = 0. What is the greatest common factor of k and 4?
2
Let o = 4 + 23. Let p be 3 - (-5)/(-3) - 4/(-6). Let u be -4 + p - -29*1. What is the highest common factor of o and u?
27
Let h = 78 + -65. Let d be (-1 + 0)*(0 + -8). Let y = d + h. Calculate the highest common divisor of 63 and y.
21
Suppose 2*l - 5*m - 51 = 0, -7*l + 3*l + 78 = -2*m. Calculate the greatest common divisor of 870 and l.
6
Let b(m) = 13*m + 196. Let q be b(-11). What is the greatest common factor of q and 265?
53
Suppose -23*y + 409 = 110. Suppose -2*z = -5*q + y, 15 = -3*z + 5*q + 3. Calculate the greatest common divisor of z and 16.
1
Let j = -105 + 276. Let a = -75 + j. What is the greatest common factor of 36 and a?
12
Let i be (0 - 3)/(1*(-2)/38). Let n = 66 - i. Suppose 0 = -4*g + 45 + 279. Calculate the highest common divisor of g and n.
9
Let l(v) = 15*v + 3974. Let m be l(-166). What is the greatest common factor of m and 6572?
212
Let c(i) = 2*i**3 + 5*i**2 + i + 2. Let l be c(-2). Suppose 160 = 5*b + v, 20*v = -l*b + 18*v + 128. What is the greatest common divisor of b and 72?
8
Let o = -37 + 190. Let i = 516 + -495. Suppose 60 = 9*m - i. What is the greatest common factor of o and m?
9
Let h = 515340 - 515328. Let b be 1/(-1 - 12/(-14)). Let w(a) = a**3 + 10*a**2 + 8*a - 7. Let y be w(b). What is the greatest common divisor of y and h?
12
Let o(f) = -3*f**2 - 18*f + 5. Let i = 371 + -376. Let z be o(i). Calculate the highest common factor of z and 5.
5
Suppose -35*y = -37*y + 1306. Suppose 205 = 